[INFO] fetching crate trans-gen-python 0.3.0-alpha.1...
[INFO] checking trans-gen-python-0.3.0-alpha.1 against master#cfbc6d4cf1acbac5c025acf8ed68929caa551df3 for pr-75494-beta
[INFO] extracting crate trans-gen-python 0.3.0-alpha.1 into /workspace/builds/worker-10/source
[INFO] validating manifest of crates.io crate trans-gen-python 0.3.0-alpha.1 on toolchain cfbc6d4cf1acbac5c025acf8ed68929caa551df3
[INFO] running `Command { std: "/workspace/cargo-home/bin/cargo" "+cfbc6d4cf1acbac5c025acf8ed68929caa551df3" "read-manifest" "--manifest-path" "Cargo.toml", kill_on_drop: false }`
[INFO] started tweaking crates.io crate trans-gen-python 0.3.0-alpha.1
[INFO] finished tweaking crates.io crate trans-gen-python 0.3.0-alpha.1
[INFO] tweaked toml for crates.io crate trans-gen-python 0.3.0-alpha.1 written to /workspace/builds/worker-10/source/Cargo.toml
[INFO] running `Command { std: "/workspace/cargo-home/bin/cargo" "+cfbc6d4cf1acbac5c025acf8ed68929caa551df3" "generate-lockfile" "--manifest-path" "Cargo.toml" "-Zno-index-update", kill_on_drop: false }`
[INFO] running `Command { std: "/workspace/cargo-home/bin/cargo" "+cfbc6d4cf1acbac5c025acf8ed68929caa551df3" "fetch" "--locked" "--manifest-path" "Cargo.toml", kill_on_drop: false }`
[INFO] running `Command { std: "docker" "create" "-v" "/var/lib/crater-agent-workspace/builds/worker-10/target:/opt/rustwide/target:rw,Z" "-v" "/var/lib/crater-agent-workspace/builds/worker-10/source:/opt/rustwide/workdir:ro,Z" "-v" "/var/lib/crater-agent-workspace/cargo-home:/opt/rustwide/cargo-home:ro,Z" "-v" "/var/lib/crater-agent-workspace/rustup-home:/opt/rustwide/rustup-home:ro,Z" "-e" "SOURCE_DIR=/opt/rustwide/workdir" "-e" "CARGO_TARGET_DIR=/opt/rustwide/target" "-e" "CARGO_HOME=/opt/rustwide/cargo-home" "-e" "RUSTUP_HOME=/opt/rustwide/rustup-home" "-w" "/opt/rustwide/workdir" "-m" "1610612736" "--user" "0:0" "--network" "none" "rustops/crates-build-env@sha256:a636fd89d022f18117e1dc8fb37a0a009933cdbbe082814857f0e2024962d47c" "/opt/rustwide/cargo-home/bin/cargo" "+cfbc6d4cf1acbac5c025acf8ed68929caa551df3" "metadata" "--no-deps" "--format-version=1", kill_on_drop: false }`
[INFO] [stdout] 5151b8aaa50a76d0387baa1a861498cfc8c8ea358f7eccbc69e49545a4c240ad
[INFO] [stderr] WARNING: Your kernel does not support swap limit capabilities or the cgroup is not mounted. Memory limited without swap.
[INFO] running `Command { std: "docker" "start" "-a" "5151b8aaa50a76d0387baa1a861498cfc8c8ea358f7eccbc69e49545a4c240ad", kill_on_drop: false }`
[INFO] running `Command { std: "docker" "inspect" "5151b8aaa50a76d0387baa1a861498cfc8c8ea358f7eccbc69e49545a4c240ad", kill_on_drop: false }`
[INFO] running `Command { std: "docker" "rm" "-f" "5151b8aaa50a76d0387baa1a861498cfc8c8ea358f7eccbc69e49545a4c240ad", kill_on_drop: false }`
[INFO] [stdout] 5151b8aaa50a76d0387baa1a861498cfc8c8ea358f7eccbc69e49545a4c240ad
[INFO] running `Command { std: "docker" "create" "-v" "/var/lib/crater-agent-workspace/builds/worker-10/target:/opt/rustwide/target:rw,Z" "-v" "/var/lib/crater-agent-workspace/builds/worker-10/source:/opt/rustwide/workdir:ro,Z" "-v" "/var/lib/crater-agent-workspace/cargo-home:/opt/rustwide/cargo-home:ro,Z" "-v" "/var/lib/crater-agent-workspace/rustup-home:/opt/rustwide/rustup-home:ro,Z" "-e" "SOURCE_DIR=/opt/rustwide/workdir" "-e" "CARGO_TARGET_DIR=/opt/rustwide/target" "-e" "CARGO_INCREMENTAL=0" "-e" "RUST_BACKTRACE=full" "-e" "RUSTFLAGS=--cap-lints=forbid" "-e" "CARGO_HOME=/opt/rustwide/cargo-home" "-e" "RUSTUP_HOME=/opt/rustwide/rustup-home" "-w" "/opt/rustwide/workdir" "-m" "1610612736" "--user" "0:0" "--network" "none" "rustops/crates-build-env@sha256:a636fd89d022f18117e1dc8fb37a0a009933cdbbe082814857f0e2024962d47c" "/opt/rustwide/cargo-home/bin/cargo" "+cfbc6d4cf1acbac5c025acf8ed68929caa551df3" "check" "--frozen" "--all" "--all-targets" "--message-format=json", kill_on_drop: false }`
[INFO] [stdout] d51f748090944473014b5f030c45c5e3341b507edf2979edef905f0c3b508225
[INFO] [stderr] WARNING: Your kernel does not support swap limit capabilities or the cgroup is not mounted. Memory limited without swap.
[INFO] running `Command { std: "docker" "start" "-a" "d51f748090944473014b5f030c45c5e3341b507edf2979edef905f0c3b508225", kill_on_drop: false }`
[INFO] [stderr]    Compiling proc-macro2 v1.0.19
[INFO] [stderr]    Compiling unicode-xid v0.2.1
[INFO] [stderr]    Compiling syn v1.0.39
[INFO] [stderr]    Compiling anyhow v1.0.32
[INFO] [stderr]     Checking unicode-segmentation v1.6.0
[INFO] [stderr]    Compiling proc-macro-hack v0.5.18
[INFO] [stderr]     Checking glob v0.3.0
[INFO] [stderr]     Checking once_cell v1.4.1
[INFO] [stderr]     Checking heck v0.3.1
[INFO] [stderr]    Compiling quote v1.0.7
[INFO] [stderr]    Compiling trans-derive v0.3.0-alpha.2
[INFO] [stderr]    Compiling include_dir_impl v0.6.0
[INFO] [stderr]     Checking include_dir v0.6.0
[INFO] [stderr]     Checking trans v0.3.0-alpha.2
[INFO] [stderr]     Checking trans-gen-core v0.3.0-alpha.2
[INFO] [stderr]     Checking trans-gen-python v0.3.0-alpha.1 (/opt/rustwide/workdir)
[INFO] [stdout] error[E0432]: unresolved import `trans_gen_core::trans_schema`
[INFO] [stdout]  --> src/lib.rs:3:21
[INFO] [stdout]   |
[INFO] [stdout] 3 | use trans_gen_core::trans_schema::*;
[INFO] [stdout]   |                     ^^^^^^^^^^^^ could not find `trans_schema` in `trans_gen_core`
[INFO] [stdout] 
[INFO] [stdout] 
[INFO] [stdout] error[E0433]: failed to resolve: use of undeclared type or module `Schema`
[INFO] [stdout]   --> src/lib.rs:27:17
[INFO] [stdout]    |
[INFO] [stdout] 27 |                 Schema::Struct(Struct { name, .. })
[INFO] [stdout]    |                 ^^^^^^ use of undeclared type or module `Schema`
[INFO] [stdout] 
[INFO] [stdout] 
[INFO] [stdout] error[E0433]: failed to resolve: use of undeclared type or module `Schema`
[INFO] [stdout]   --> src/lib.rs:28:19
[INFO] [stdout]    |
[INFO] [stdout] 28 |                 | Schema::OneOf {
[INFO] [stdout]    |                   ^^^^^^ use of undeclared type or module `Schema`
[INFO] [stdout] 
[INFO] [stdout] 
[INFO] [stdout] error[E0433]: failed to resolve: use of undeclared type or module `Schema`
[INFO] [stdout]   --> src/lib.rs:31:19
[INFO] [stdout]    |
[INFO] [stdout] 31 |                 | Schema::Enum {
[INFO] [stdout]    |                   ^^^^^^ use of undeclared type or module `Schema`
[INFO] [stdout] 
[INFO] [stdout] 
[INFO] [stdout] error[E0433]: failed to resolve: use of undeclared type or module `Schema`
[INFO] [stdout]   --> src/lib.rs:41:17
[INFO] [stdout]    |
[INFO] [stdout] 41 |                 Schema::Option(inner) => {
[INFO] [stdout]    |                 ^^^^^^ use of undeclared type or module `Schema`
[INFO] [stdout] 
[INFO] [stdout] 
[INFO] [stdout] error[E0433]: failed to resolve: use of undeclared type or module `Schema`
[INFO] [stdout]   --> src/lib.rs:44:17
[INFO] [stdout]    |
[INFO] [stdout] 44 |                 Schema::Vec(inner) => {
[INFO] [stdout]    |                 ^^^^^^ use of undeclared type or module `Schema`
[INFO] [stdout] 
[INFO] [stdout] 
[INFO] [stdout] error[E0433]: failed to resolve: use of undeclared type or module `Schema`
[INFO] [stdout]   --> src/lib.rs:47:17
[INFO] [stdout]    |
[INFO] [stdout] 47 |                 Schema::Map(key_type, value_type) => {
[INFO] [stdout]    |                 ^^^^^^ use of undeclared type or module `Schema`
[INFO] [stdout] 
[INFO] [stdout] 
[INFO] [stdout] error[E0433]: failed to resolve: use of undeclared type or module `Schema`
[INFO] [stdout]   --> src/lib.rs:51:17
[INFO] [stdout]    |
[INFO] [stdout] 51 |                 Schema::Bool
[INFO] [stdout]    |                 ^^^^^^ use of undeclared type or module `Schema`
[INFO] [stdout] 
[INFO] [stdout] 
[INFO] [stdout] error[E0433]: failed to resolve: use of undeclared type or module `Schema`
[INFO] [stdout]   --> src/lib.rs:52:19
[INFO] [stdout]    |
[INFO] [stdout] 52 |                 | Schema::Int32
[INFO] [stdout]    |                   ^^^^^^ use of undeclared type or module `Schema`
[INFO] [stdout] 
[INFO] [stdout] 
[INFO] [stdout] error[E0433]: failed to resolve: use of undeclared type or module `Schema`
[INFO] [stdout]   --> src/lib.rs:53:19
[INFO] [stdout]    |
[INFO] [stdout] 53 |                 | Schema::Int64
[INFO] [stdout]    |                   ^^^^^^ use of undeclared type or module `Schema`
[INFO] [stdout] 
[INFO] [stdout] 
[INFO] [stdout] error[E0433]: failed to resolve: use of undeclared type or module `Schema`
[INFO] [stdout]   --> src/lib.rs:54:19
[INFO] [stdout]    |
[INFO] [stdout] 54 |                 | Schema::Float32
[INFO] [stdout]    |                   ^^^^^^ use of undeclared type or module `Schema`
[INFO] [stdout] 
[INFO] [stdout] 
[INFO] [stdout] error[E0433]: failed to resolve: use of undeclared type or module `Schema`
[INFO] [stdout]   --> src/lib.rs:55:19
[INFO] [stdout]    |
[INFO] [stdout] 55 |                 | Schema::Float64
[INFO] [stdout]    |                   ^^^^^^ use of undeclared type or module `Schema`
[INFO] [stdout] 
[INFO] [stdout] 
[INFO] [stdout] error[E0433]: failed to resolve: use of undeclared type or module `Schema`
[INFO] [stdout]   --> src/lib.rs:56:19
[INFO] [stdout]    |
[INFO] [stdout] 56 |                 | Schema::String => {}
[INFO] [stdout]    |                   ^^^^^^ use of undeclared type or module `Schema`
[INFO] [stdout] 
[INFO] [stdout] 
[INFO] [stdout] error[E0433]: failed to resolve: use of undeclared type or module `Schema`
[INFO] [stdout]   --> src/lib.rs:99:17
[INFO] [stdout]    |
[INFO] [stdout] 99 |                 Schema::Bool => {
[INFO] [stdout]    |                 ^^^^^^ use of undeclared type or module `Schema`
[INFO] [stdout] 
[INFO] [stdout] 
[INFO] [stdout] error[E0433]: failed to resolve: use of undeclared type or module `Schema`
[INFO] [stdout]    --> src/lib.rs:102:17
[INFO] [stdout]     |
[INFO] [stdout] 102 |                 Schema::Int32 => {
[INFO] [stdout]     |                 ^^^^^^ use of undeclared type or module `Schema`
[INFO] [stdout] 
[INFO] [stdout] 
[INFO] [stdout] error[E0433]: failed to resolve: use of undeclared type or module `Schema`
[INFO] [stdout]    --> src/lib.rs:105:17
[INFO] [stdout]     |
[INFO] [stdout] 105 |                 Schema::Int64 => {
[INFO] [stdout]     |                 ^^^^^^ use of undeclared type or module `Schema`
[INFO] [stdout] 
[INFO] [stdout] 
[INFO] [stdout] error[E0433]: failed to resolve: use of undeclared type or module `Schema`
[INFO] [stdout]    --> src/lib.rs:108:17
[INFO] [stdout]     |
[INFO] [stdout] 108 |                 Schema::Float32 => {
[INFO] [stdout]     |                 ^^^^^^ use of undeclared type or module `Schema`
[INFO] [stdout] 
[INFO] [stdout] 
[INFO] [stdout] error[E0433]: failed to resolve: use of undeclared type or module `Schema`
[INFO] [stdout]    --> src/lib.rs:111:17
[INFO] [stdout]     |
[INFO] [stdout] 111 |                 Schema::Float64 => {
[INFO] [stdout]     |                 ^^^^^^ use of undeclared type or module `Schema`
[INFO] [stdout] 
[INFO] [stdout] 
[INFO] [stdout] error[E0433]: failed to resolve: use of undeclared type or module `Schema`
[INFO] [stdout]    --> src/lib.rs:114:17
[INFO] [stdout]     |
[INFO] [stdout] 114 |                 Schema::String => {
[INFO] [stdout]     |                 ^^^^^^ use of undeclared type or module `Schema`
[INFO] [stdout] 
[INFO] [stdout] 
[INFO] [stdout] error[E0433]: failed to resolve: use of undeclared type or module `Schema`
[INFO] [stdout]    --> src/lib.rs:117:17
[INFO] [stdout]     |
[INFO] [stdout] 117 |                 Schema::Struct(Struct { name, .. })
[INFO] [stdout]     |                 ^^^^^^ use of undeclared type or module `Schema`
[INFO] [stdout] 
[INFO] [stdout] 
[INFO] [stdout] error[E0433]: failed to resolve: use of undeclared type or module `Schema`
[INFO] [stdout]    --> src/lib.rs:118:19
[INFO] [stdout]     |
[INFO] [stdout] 118 |                 | Schema::OneOf {
[INFO] [stdout]     |                   ^^^^^^ use of undeclared type or module `Schema`
[INFO] [stdout] 
[INFO] [stdout] 
[INFO] [stdout] error[E0433]: failed to resolve: use of undeclared type or module `Schema`
[INFO] [stdout]    --> src/lib.rs:128:17
[INFO] [stdout]     |
[INFO] [stdout] 128 |                 Schema::Option(inner) => {
[INFO] [stdout]     |                 ^^^^^^ use of undeclared type or module `Schema`
[INFO] [stdout] 
[INFO] [stdout] 
[INFO] [stdout] error[E0433]: failed to resolve: use of undeclared type or module `Schema`
[INFO] [stdout]    --> src/lib.rs:136:17
[INFO] [stdout]     |
[INFO] [stdout] 136 |                 Schema::Vec(inner) => {
[INFO] [stdout]     |                 ^^^^^^ use of undeclared type or module `Schema`
[INFO] [stdout] 
[INFO] [stdout] 
[INFO] [stdout] error[E0433]: failed to resolve: use of undeclared type or module `Schema`
[INFO] [stdout]    --> src/lib.rs:144:17
[INFO] [stdout]     |
[INFO] [stdout] 144 |                 Schema::Map(key_type, value_type) => {
[INFO] [stdout]     |                 ^^^^^^ use of undeclared type or module `Schema`
[INFO] [stdout] 
[INFO] [stdout] 
[INFO] [stdout] error[E0433]: failed to resolve: use of undeclared type or module `Schema`
[INFO] [stdout]    --> src/lib.rs:153:17
[INFO] [stdout]     |
[INFO] [stdout] 153 |                 Schema::Enum { base_name, .. } => {
[INFO] [stdout]     |                 ^^^^^^ use of undeclared type or module `Schema`
[INFO] [stdout] 
[INFO] [stdout] 
[INFO] [stdout] error[E0433]: failed to resolve: use of undeclared type or module `Schema`
[INFO] [stdout]    --> src/lib.rs:193:17
[INFO] [stdout]     |
[INFO] [stdout] 193 |                 Schema::Bool => {
[INFO] [stdout]     |                 ^^^^^^ use of undeclared type or module `Schema`
[INFO] [stdout] 
[INFO] [stdout] 
[INFO] [stdout] error[E0433]: failed to resolve: use of undeclared type or module `Schema`
[INFO] [stdout]    --> src/lib.rs:196:17
[INFO] [stdout]     |
[INFO] [stdout] 196 |                 Schema::Int32 => {
[INFO] [stdout]     |                 ^^^^^^ use of undeclared type or module `Schema`
[INFO] [stdout] 
[INFO] [stdout] 
[INFO] [stdout] error[E0433]: failed to resolve: use of undeclared type or module `Schema`
[INFO] [stdout]    --> src/lib.rs:199:17
[INFO] [stdout]     |
[INFO] [stdout] 199 |                 Schema::Int64 => {
[INFO] [stdout]     |                 ^^^^^^ use of undeclared type or module `Schema`
[INFO] [stdout] 
[INFO] [stdout] 
[INFO] [stdout] error[E0433]: failed to resolve: use of undeclared type or module `Schema`
[INFO] [stdout]    --> src/lib.rs:202:17
[INFO] [stdout]     |
[INFO] [stdout] 202 |                 Schema::Float32 => {
[INFO] [stdout]     |                 ^^^^^^ use of undeclared type or module `Schema`
[INFO] [stdout] 
[INFO] [stdout] 
[INFO] [stdout] error[E0433]: failed to resolve: use of undeclared type or module `Schema`
[INFO] [stdout]    --> src/lib.rs:205:17
[INFO] [stdout]     |
[INFO] [stdout] 205 |                 Schema::Float64 => {
[INFO] [stdout]     |                 ^^^^^^ use of undeclared type or module `Schema`
[INFO] [stdout] 
[INFO] [stdout] 
[INFO] [stdout] error[E0433]: failed to resolve: use of undeclared type or module `Schema`
[INFO] [stdout]    --> src/lib.rs:208:17
[INFO] [stdout]     |
[INFO] [stdout] 208 |                 Schema::String => {
[INFO] [stdout]     |                 ^^^^^^ use of undeclared type or module `Schema`
[INFO] [stdout] 
[INFO] [stdout] 
[INFO] [stdout] error[E0433]: failed to resolve: use of undeclared type or module `Schema`
[INFO] [stdout]    --> src/lib.rs:211:17
[INFO] [stdout]     |
[INFO] [stdout] 211 |                 Schema::Struct(_) | Schema::OneOf { .. } => {
[INFO] [stdout]     |                 ^^^^^^ use of undeclared type or module `Schema`
[INFO] [stdout] 
[INFO] [stdout] 
[INFO] [stdout] error[E0433]: failed to resolve: use of undeclared type or module `Schema`
[INFO] [stdout]    --> src/lib.rs:211:37
[INFO] [stdout]     |
[INFO] [stdout] 211 |                 Schema::Struct(_) | Schema::OneOf { .. } => {
[INFO] [stdout]     |                                     ^^^^^^ use of undeclared type or module `Schema`
[INFO] [stdout] 
[INFO] [stdout] 
[INFO] [stdout] error[E0433]: failed to resolve: use of undeclared type or module `Schema`
[INFO] [stdout]    --> src/lib.rs:214:17
[INFO] [stdout]     |
[INFO] [stdout] 214 |                 Schema::Option(inner) => {
[INFO] [stdout]     |                 ^^^^^^ use of undeclared type or module `Schema`
[INFO] [stdout] 
[INFO] [stdout] 
[INFO] [stdout] error[E0433]: failed to resolve: use of undeclared type or module `Schema`
[INFO] [stdout]    --> src/lib.rs:223:17
[INFO] [stdout]     |
[INFO] [stdout] 223 |                 Schema::Vec(inner) => {
[INFO] [stdout]     |                 ^^^^^^ use of undeclared type or module `Schema`
[INFO] [stdout] 
[INFO] [stdout] 
[INFO] [stdout] error[E0433]: failed to resolve: use of undeclared type or module `Schema`
[INFO] [stdout]    --> src/lib.rs:230:17
[INFO] [stdout]     |
[INFO] [stdout] 230 |                 Schema::Map(key_type, value_type) => {
[INFO] [stdout]     |                 ^^^^^^ use of undeclared type or module `Schema`
[INFO] [stdout] 
[INFO] [stdout] 
[INFO] [stdout] error[E0433]: failed to resolve: use of undeclared type or module `Schema`
[INFO] [stdout]    --> src/lib.rs:238:17
[INFO] [stdout]     |
[INFO] [stdout] 238 |                 Schema::Enum { .. } => {
[INFO] [stdout]     |                 ^^^^^^ use of undeclared type or module `Schema`
[INFO] [stdout] 
[INFO] [stdout] 
[INFO] [stdout] error[E0433]: failed to resolve: use of undeclared type or module `Schema`
[INFO] [stdout]    --> src/lib.rs:302:13
[INFO] [stdout]     |
[INFO] [stdout] 302 |             Schema::Enum {
[INFO] [stdout]     |             ^^^^^^ use of undeclared type or module `Schema`
[INFO] [stdout] 
[INFO] [stdout] 
[INFO] [stdout] error[E0433]: failed to resolve: use of undeclared type or module `Schema`
[INFO] [stdout]    --> src/lib.rs:325:13
[INFO] [stdout]     |
[INFO] [stdout] 325 |             Schema::Struct(struc) => {
[INFO] [stdout]     |             ^^^^^^ use of undeclared type or module `Schema`
[INFO] [stdout] 
[INFO] [stdout] 
[INFO] [stdout] error[E0433]: failed to resolve: use of undeclared type or module `Schema`
[INFO] [stdout]    --> src/lib.rs:338:13
[INFO] [stdout]     |
[INFO] [stdout] 338 |             Schema::OneOf {
[INFO] [stdout]     |             ^^^^^^ use of undeclared type or module `Schema`
[INFO] [stdout] 
[INFO] [stdout] 
[INFO] [stdout] error[E0433]: failed to resolve: use of undeclared type or module `Schema`
[INFO] [stdout]    --> src/lib.rs:389:13
[INFO] [stdout]     |
[INFO] [stdout] 389 |             Schema::Bool
[INFO] [stdout]     |             ^^^^^^ use of undeclared type or module `Schema`
[INFO] [stdout] 
[INFO] [stdout] 
[INFO] [stdout] error[E0433]: failed to resolve: use of undeclared type or module `Schema`
[INFO] [stdout]    --> src/lib.rs:390:15
[INFO] [stdout]     |
[INFO] [stdout] 390 |             | Schema::Int32
[INFO] [stdout]     |               ^^^^^^ use of undeclared type or module `Schema`
[INFO] [stdout] 
[INFO] [stdout] 
[INFO] [stdout] error[E0433]: failed to resolve: use of undeclared type or module `Schema`
[INFO] [stdout]    --> src/lib.rs:391:15
[INFO] [stdout]     |
[INFO] [stdout] 391 |             | Schema::Int64
[INFO] [stdout]     |               ^^^^^^ use of undeclared type or module `Schema`
[INFO] [stdout] 
[INFO] [stdout] 
[INFO] [stdout] error[E0433]: failed to resolve: use of undeclared type or module `Schema`
[INFO] [stdout]    --> src/lib.rs:392:15
[INFO] [stdout]     |
[INFO] [stdout] 392 |             | Schema::Float32
[INFO] [stdout]     |               ^^^^^^ use of undeclared type or module `Schema`
[INFO] [stdout] 
[INFO] [stdout] 
[INFO] [stdout] error[E0433]: failed to resolve: use of undeclared type or module `Schema`
[INFO] [stdout]    --> src/lib.rs:393:15
[INFO] [stdout]     |
[INFO] [stdout] 393 |             | Schema::Float64
[INFO] [stdout]     |               ^^^^^^ use of undeclared type or module `Schema`
[INFO] [stdout] 
[INFO] [stdout] 
[INFO] [stdout] error[E0433]: failed to resolve: use of undeclared type or module `Schema`
[INFO] [stdout]    --> src/lib.rs:394:15
[INFO] [stdout]     |
[INFO] [stdout] 394 |             | Schema::String
[INFO] [stdout]     |               ^^^^^^ use of undeclared type or module `Schema`
[INFO] [stdout] 
[INFO] [stdout] 
[INFO] [stdout] error[E0433]: failed to resolve: use of undeclared type or module `Schema`
[INFO] [stdout]    --> src/lib.rs:395:15
[INFO] [stdout]     |
[INFO] [stdout] 395 |             | Schema::Option(_)
[INFO] [stdout]     |               ^^^^^^ use of undeclared type or module `Schema`
[INFO] [stdout] 
[INFO] [stdout] 
[INFO] [stdout] error[E0433]: failed to resolve: use of undeclared type or module `Schema`
[INFO] [stdout]    --> src/lib.rs:396:15
[INFO] [stdout]     |
[INFO] [stdout] 396 |             | Schema::Vec(_)
[INFO] [stdout]     |               ^^^^^^ use of undeclared type or module `Schema`
[INFO] [stdout] 
[INFO] [stdout] 
[INFO] [stdout] error[E0433]: failed to resolve: use of undeclared type or module `Schema`
[INFO] [stdout]    --> src/lib.rs:397:15
[INFO] [stdout]     |
[INFO] [stdout] 397 |             | Schema::Map(_, _) => {}
[INFO] [stdout]     |               ^^^^^^ use of undeclared type or module `Schema`
[INFO] [stdout] 
[INFO] [stdout] 
[INFO] [stdout] error[E0412]: cannot find type `Struct` in this scope
[INFO] [stdout]   --> src/lib.rs:20:13
[INFO] [stdout]    |
[INFO] [stdout] 20 |     struc: &Struct,
[INFO] [stdout]    |             ^^^^^^ not found in this scope
[INFO] [stdout] 
[INFO] [stdout] 
[INFO] [stdout] error[E0412]: cannot find type `Name` in this scope
[INFO] [stdout]   --> src/lib.rs:21:20
[INFO] [stdout]    |
[INFO] [stdout] 18 | fn write_struct(
[INFO] [stdout]    |                - help: you might be missing a type parameter: `<Name>`
[INFO] [stdout] ...
[INFO] [stdout] 21 |     base: Option<(&Name, usize)>,
[INFO] [stdout]    |                    ^^^^ not found in this scope
[INFO] [stdout] 
[INFO] [stdout] 
[INFO] [stdout] error[E0412]: cannot find type `Schema` in this scope
[INFO] [stdout]   --> src/lib.rs:25:54
[INFO] [stdout]    |
[INFO] [stdout] 25 |         fn add_imports(writer: &mut Writer, schema: &Schema) -> std::fmt::Result {
[INFO] [stdout]    |                                                      ^^^^^^ not found in this scope
[INFO] [stdout] 
[INFO] [stdout] 
[INFO] [stdout] error[E0422]: cannot find struct, variant or union type `Struct` in this scope
[INFO] [stdout]   --> src/lib.rs:27:32
[INFO] [stdout]    |
[INFO] [stdout] 27 |                 Schema::Struct(Struct { name, .. })
[INFO] [stdout]    |                                ^^^^^^ not found in this scope
[INFO] [stdout] 
[INFO] [stdout] 
[INFO] [stdout] error[E0412]: cannot find type `Schema` in this scope
[INFO] [stdout]   --> src/lib.rs:97:59
[INFO] [stdout]    |
[INFO] [stdout] 97 |         fn assign(writer: &mut Writer, to: &str, schema: &Schema) -> std::fmt::Result {
[INFO] [stdout]    |                                                           ^^^^^^ not found in this scope
[INFO] [stdout] 
[INFO] [stdout] 
[INFO] [stdout] error[E0422]: cannot find struct, variant or union type `Struct` in this scope
[INFO] [stdout]    --> src/lib.rs:117:32
[INFO] [stdout]     |
[INFO] [stdout] 117 |                 Schema::Struct(Struct { name, .. })
[INFO] [stdout]     |                                ^^^^^^ not found in this scope
[INFO] [stdout] 
[INFO] [stdout] 
[INFO] [stdout] error[E0412]: cannot find type `Schema` in this scope
[INFO] [stdout]    --> src/lib.rs:191:61
[INFO] [stdout]     |
[INFO] [stdout] 191 |         fn write(writer: &mut Writer, value: &str, schema: &Schema) -> std::fmt::Result {
[INFO] [stdout]     |                                                             ^^^^^^ not found in this scope
[INFO] [stdout] 
[INFO] [stdout] 
[INFO] [stdout] error[E0412]: cannot find type `Schema` in this scope
[INFO] [stdout]    --> src/lib.rs:300:37
[INFO] [stdout]     |
[INFO] [stdout] 300 |     fn add_only(&mut self, schema: &Schema) {
[INFO] [stdout]     |                                     ^^^^^^ not found in this scope
[INFO] [stdout] 
[INFO] [stdout] 
[INFO] [stdout] error[E0432]: unresolved import `trans_gen_core::trans_schema`
[INFO] [stdout]  --> src/lib.rs:3:21
[INFO] [stdout]   |
[INFO] [stdout] 3 | use trans_gen_core::trans_schema::*;
[INFO] [stdout]   |                     ^^^^^^^^^^^^ could not find `trans_schema` in `trans_gen_core`
[INFO] [stdout] 
[INFO] [stdout] 
[INFO] [stdout] error[E0433]: failed to resolve: use of undeclared type or module `Schema`
[INFO] [stdout]   --> src/lib.rs:27:17
[INFO] [stdout]    |
[INFO] [stdout] 27 |                 Schema::Struct(Struct { name, .. })
[INFO] [stdout]    |                 ^^^^^^ use of undeclared type or module `Schema`
[INFO] [stdout] 
[INFO] [stdout] 
[INFO] [stdout] error[E0433]: failed to resolve: use of undeclared type or module `Schema`
[INFO] [stdout]   --> src/lib.rs:28:19
[INFO] [stdout]    |
[INFO] [stdout] 28 |                 | Schema::OneOf {
[INFO] [stdout]    |                   ^^^^^^ use of undeclared type or module `Schema`
[INFO] [stdout] 
[INFO] [stdout] 
[INFO] [stdout] error[E0433]: failed to resolve: use of undeclared type or module `Schema`
[INFO] [stdout]   --> src/lib.rs:31:19
[INFO] [stdout]    |
[INFO] [stdout] 31 |                 | Schema::Enum {
[INFO] [stdout]    |                   ^^^^^^ use of undeclared type or module `Schema`
[INFO] [stdout] 
[INFO] [stdout] 
[INFO] [stdout] error[E0433]: failed to resolve: use of undeclared type or module `Schema`
[INFO] [stdout]   --> src/lib.rs:41:17
[INFO] [stdout]    |
[INFO] [stdout] 41 |                 Schema::Option(inner) => {
[INFO] [stdout]    |                 ^^^^^^ use of undeclared type or module `Schema`
[INFO] [stdout] 
[INFO] [stdout] 
[INFO] [stdout] error[E0433]: failed to resolve: use of undeclared type or module `Schema`
[INFO] [stdout]   --> src/lib.rs:44:17
[INFO] [stdout]    |
[INFO] [stdout] 44 |                 Schema::Vec(inner) => {
[INFO] [stdout]    |                 ^^^^^^ use of undeclared type or module `Schema`
[INFO] [stdout] 
[INFO] [stdout] 
[INFO] [stdout] error[E0433]: failed to resolve: use of undeclared type or module `Schema`
[INFO] [stdout]   --> src/lib.rs:47:17
[INFO] [stdout]    |
[INFO] [stdout] 47 |                 Schema::Map(key_type, value_type) => {
[INFO] [stdout]    |                 ^^^^^^ use of undeclared type or module `Schema`
[INFO] [stdout] 
[INFO] [stdout] 
[INFO] [stdout] error[E0433]: failed to resolve: use of undeclared type or module `Schema`
[INFO] [stdout]   --> src/lib.rs:51:17
[INFO] [stdout]    |
[INFO] [stdout] 51 |                 Schema::Bool
[INFO] [stdout]    |                 ^^^^^^ use of undeclared type or module `Schema`
[INFO] [stdout] 
[INFO] [stdout] 
[INFO] [stdout] error[E0433]: failed to resolve: use of undeclared type or module `Schema`
[INFO] [stdout]   --> src/lib.rs:52:19
[INFO] [stdout]    |
[INFO] [stdout] 52 |                 | Schema::Int32
[INFO] [stdout]    |                   ^^^^^^ use of undeclared type or module `Schema`
[INFO] [stdout] 
[INFO] [stdout] 
[INFO] [stdout] error[E0433]: failed to resolve: use of undeclared type or module `Schema`
[INFO] [stdout]   --> src/lib.rs:53:19
[INFO] [stdout]    |
[INFO] [stdout] 53 |                 | Schema::Int64
[INFO] [stdout]    |                   ^^^^^^ use of undeclared type or module `Schema`
[INFO] [stdout] 
[INFO] [stdout] 
[INFO] [stdout] error[E0433]: failed to resolve: use of undeclared type or module `Schema`
[INFO] [stdout]   --> src/lib.rs:54:19
[INFO] [stdout]    |
[INFO] [stdout] 54 |                 | Schema::Float32
[INFO] [stdout]    |                   ^^^^^^ use of undeclared type or module `Schema`
[INFO] [stdout] 
[INFO] [stdout] 
[INFO] [stdout] error[E0433]: failed to resolve: use of undeclared type or module `Schema`
[INFO] [stdout]   --> src/lib.rs:55:19
[INFO] [stdout]    |
[INFO] [stdout] 55 |                 | Schema::Float64
[INFO] [stdout]    |                   ^^^^^^ use of undeclared type or module `Schema`
[INFO] [stdout] 
[INFO] [stdout] 
[INFO] [stdout] error[E0433]: failed to resolve: use of undeclared type or module `Schema`
[INFO] [stdout]   --> src/lib.rs:56:19
[INFO] [stdout]    |
[INFO] [stdout] 56 |                 | Schema::String => {}
[INFO] [stdout]    |                   ^^^^^^ use of undeclared type or module `Schema`
[INFO] [stdout] 
[INFO] [stdout] 
[INFO] [stdout] error[E0433]: failed to resolve: use of undeclared type or module `Schema`
[INFO] [stdout]   --> src/lib.rs:99:17
[INFO] [stdout]    |
[INFO] [stdout] 99 |                 Schema::Bool => {
[INFO] [stdout]    |                 ^^^^^^ use of undeclared type or module `Schema`
[INFO] [stdout] 
[INFO] [stdout] 
[INFO] [stdout] error[E0433]: failed to resolve: use of undeclared type or module `Schema`
[INFO] [stdout]    --> src/lib.rs:102:17
[INFO] [stdout]     |
[INFO] [stdout] 102 |                 Schema::Int32 => {
[INFO] [stdout]     |                 ^^^^^^ use of undeclared type or module `Schema`
[INFO] [stdout] 
[INFO] [stdout] 
[INFO] [stdout] error[E0433]: failed to resolve: use of undeclared type or module `Schema`
[INFO] [stdout]    --> src/lib.rs:105:17
[INFO] [stdout]     |
[INFO] [stdout] 105 |                 Schema::Int64 => {
[INFO] [stdout]     |                 ^^^^^^ use of undeclared type or module `Schema`
[INFO] [stdout] 
[INFO] [stdout] 
[INFO] [stdout] error[E0433]: failed to resolve: use of undeclared type or module `Schema`
[INFO] [stdout]    --> src/lib.rs:108:17
[INFO] [stdout]     |
[INFO] [stdout] 108 |                 Schema::Float32 => {
[INFO] [stdout]     |                 ^^^^^^ use of undeclared type or module `Schema`
[INFO] [stdout] 
[INFO] [stdout] 
[INFO] [stdout] error[E0433]: failed to resolve: use of undeclared type or module `Schema`
[INFO] [stdout]    --> src/lib.rs:111:17
[INFO] [stdout]     |
[INFO] [stdout] 111 |                 Schema::Float64 => {
[INFO] [stdout]     |                 ^^^^^^ use of undeclared type or module `Schema`
[INFO] [stdout] 
[INFO] [stdout] 
[INFO] [stdout] error[E0433]: failed to resolve: use of undeclared type or module `Schema`
[INFO] [stdout]    --> src/lib.rs:114:17
[INFO] [stdout]     |
[INFO] [stdout] 114 |                 Schema::String => {
[INFO] [stdout]     |                 ^^^^^^ use of undeclared type or module `Schema`
[INFO] [stdout] 
[INFO] [stdout] 
[INFO] [stdout] error[E0433]: failed to resolve: use of undeclared type or module `Schema`
[INFO] [stdout]    --> src/lib.rs:117:17
[INFO] [stdout]     |
[INFO] [stdout] 117 |                 Schema::Struct(Struct { name, .. })
[INFO] [stdout]     |                 ^^^^^^ use of undeclared type or module `Schema`
[INFO] [stdout] 
[INFO] [stdout] 
[INFO] [stdout] error[E0433]: failed to resolve: use of undeclared type or module `Schema`
[INFO] [stdout]    --> src/lib.rs:118:19
[INFO] [stdout]     |
[INFO] [stdout] 118 |                 | Schema::OneOf {
[INFO] [stdout]     |                   ^^^^^^ use of undeclared type or module `Schema`
[INFO] [stdout] 
[INFO] [stdout] 
[INFO] [stdout] error[E0433]: failed to resolve: use of undeclared type or module `Schema`
[INFO] [stdout]    --> src/lib.rs:128:17
[INFO] [stdout]     |
[INFO] [stdout] 128 |                 Schema::Option(inner) => {
[INFO] [stdout]     |                 ^^^^^^ use of undeclared type or module `Schema`
[INFO] [stdout] 
[INFO] [stdout] 
[INFO] [stdout] error[E0433]: failed to resolve: use of undeclared type or module `Schema`
[INFO] [stdout]    --> src/lib.rs:136:17
[INFO] [stdout]     |
[INFO] [stdout] 136 |                 Schema::Vec(inner) => {
[INFO] [stdout]     |                 ^^^^^^ use of undeclared type or module `Schema`
[INFO] [stdout] 
[INFO] [stdout] 
[INFO] [stdout] error: aborting due to 57 previous errors
[INFO] [stdout] 
[INFO] [stdout] 
[INFO] [stderr] error: could not compile `trans-gen-python`.
[INFO] [stdout] Some errors have detailed explanations: E0412, E0422, E0432, E0433.
[INFO] [stdout] 
[INFO] [stderr] 
[INFO] [stdout] For more information about an error, try `rustc --explain E0412`.
[INFO] [stdout] 
[INFO] [stderr] To learn more, run the command again with --verbose.
[INFO] [stdout] error[E0433]: failed to resolve: use of undeclared type or module `Schema`
[INFO] [stdout]    --> src/lib.rs:144:17
[INFO] [stdout]     |
[INFO] [stdout] 144 |                 Schema::Map(key_type, value_type) => {
[INFO] [stdout]     |                 ^^^^^^ use of undeclared type or module `Schema`
[INFO] [stdout] 
[INFO] [stdout] 
[INFO] [stderr] warning: build failed, waiting for other jobs to finish...
[INFO] [stdout] error[E0433]: failed to resolve: use of undeclared type or module `Schema`
[INFO] [stdout]    --> src/lib.rs:153:17
[INFO] [stdout]     |
[INFO] [stdout] 153 |                 Schema::Enum { base_name, .. } => {
[INFO] [stdout]     |                 ^^^^^^ use of undeclared type or module `Schema`
[INFO] [stdout] 
[INFO] [stdout] 
[INFO] [stdout] error[E0433]: failed to resolve: use of undeclared type or module `Schema`
[INFO] [stdout]    --> src/lib.rs:193:17
[INFO] [stdout]     |
[INFO] [stdout] 193 |                 Schema::Bool => {
[INFO] [stdout]     |                 ^^^^^^ use of undeclared type or module `Schema`
[INFO] [stdout] 
[INFO] [stdout] 
[INFO] [stdout] error[E0433]: failed to resolve: use of undeclared type or module `Schema`
[INFO] [stdout]    --> src/lib.rs:196:17
[INFO] [stdout]     |
[INFO] [stdout] 196 |                 Schema::Int32 => {
[INFO] [stdout]     |                 ^^^^^^ use of undeclared type or module `Schema`
[INFO] [stdout] 
[INFO] [stdout] 
[INFO] [stdout] error[E0433]: failed to resolve: use of undeclared type or module `Schema`
[INFO] [stdout]    --> src/lib.rs:199:17
[INFO] [stdout]     |
[INFO] [stdout] 199 |                 Schema::Int64 => {
[INFO] [stdout]     |                 ^^^^^^ use of undeclared type or module `Schema`
[INFO] [stdout] 
[INFO] [stdout] 
[INFO] [stdout] error[E0433]: failed to resolve: use of undeclared type or module `Schema`
[INFO] [stdout]    --> src/lib.rs:202:17
[INFO] [stdout]     |
[INFO] [stdout] 202 |                 Schema::Float32 => {
[INFO] [stdout]     |                 ^^^^^^ use of undeclared type or module `Schema`
[INFO] [stdout] 
[INFO] [stdout] 
[INFO] [stdout] error[E0433]: failed to resolve: use of undeclared type or module `Schema`
[INFO] [stdout]    --> src/lib.rs:205:17
[INFO] [stdout]     |
[INFO] [stdout] 205 |                 Schema::Float64 => {
[INFO] [stdout]     |                 ^^^^^^ use of undeclared type or module `Schema`
[INFO] [stdout] 
[INFO] [stdout] 
[INFO] [stdout] error[E0433]: failed to resolve: use of undeclared type or module `Schema`
[INFO] [stdout]    --> src/lib.rs:208:17
[INFO] [stdout]     |
[INFO] [stdout] 208 |                 Schema::String => {
[INFO] [stdout]     |                 ^^^^^^ use of undeclared type or module `Schema`
[INFO] [stdout] 
[INFO] [stdout] 
[INFO] [stdout] error[E0433]: failed to resolve: use of undeclared type or module `Schema`
[INFO] [stdout]    --> src/lib.rs:211:17
[INFO] [stdout]     |
[INFO] [stdout] 211 |                 Schema::Struct(_) | Schema::OneOf { .. } => {
[INFO] [stdout]     |                 ^^^^^^ use of undeclared type or module `Schema`
[INFO] [stdout] 
[INFO] [stdout] 
[INFO] [stdout] error[E0433]: failed to resolve: use of undeclared type or module `Schema`
[INFO] [stdout]    --> src/lib.rs:211:37
[INFO] [stdout]     |
[INFO] [stdout] 211 |                 Schema::Struct(_) | Schema::OneOf { .. } => {
[INFO] [stdout]     |                                     ^^^^^^ use of undeclared type or module `Schema`
[INFO] [stdout] 
[INFO] [stdout] 
[INFO] [stdout] error[E0433]: failed to resolve: use of undeclared type or module `Schema`
[INFO] [stdout]    --> src/lib.rs:214:17
[INFO] [stdout]     |
[INFO] [stdout] 214 |                 Schema::Option(inner) => {
[INFO] [stdout]     |                 ^^^^^^ use of undeclared type or module `Schema`
[INFO] [stdout] 
[INFO] [stdout] 
[INFO] [stdout] error[E0433]: failed to resolve: use of undeclared type or module `Schema`
[INFO] [stdout]    --> src/lib.rs:223:17
[INFO] [stdout]     |
[INFO] [stdout] 223 |                 Schema::Vec(inner) => {
[INFO] [stdout]     |                 ^^^^^^ use of undeclared type or module `Schema`
[INFO] [stdout] 
[INFO] [stdout] 
[INFO] [stdout] error[E0433]: failed to resolve: use of undeclared type or module `Schema`
[INFO] [stdout]    --> src/lib.rs:230:17
[INFO] [stdout]     |
[INFO] [stdout] 230 |                 Schema::Map(key_type, value_type) => {
[INFO] [stdout]     |                 ^^^^^^ use of undeclared type or module `Schema`
[INFO] [stdout] 
[INFO] [stdout] 
[INFO] [stdout] error[E0433]: failed to resolve: use of undeclared type or module `Schema`
[INFO] [stdout]    --> src/lib.rs:238:17
[INFO] [stdout]     |
[INFO] [stdout] 238 |                 Schema::Enum { .. } => {
[INFO] [stdout]     |                 ^^^^^^ use of undeclared type or module `Schema`
[INFO] [stdout] 
[INFO] [stdout] 
[INFO] [stdout] error[E0433]: failed to resolve: use of undeclared type or module `Schema`
[INFO] [stdout]    --> src/lib.rs:302:13
[INFO] [stdout]     |
[INFO] [stdout] 302 |             Schema::Enum {
[INFO] [stdout]     |             ^^^^^^ use of undeclared type or module `Schema`
[INFO] [stdout] 
[INFO] [stdout] 
[INFO] [stdout] error[E0433]: failed to resolve: use of undeclared type or module `Schema`
[INFO] [stdout]    --> src/lib.rs:325:13
[INFO] [stdout]     |
[INFO] [stdout] 325 |             Schema::Struct(struc) => {
[INFO] [stdout]     |             ^^^^^^ use of undeclared type or module `Schema`
[INFO] [stdout] 
[INFO] [stdout] 
[INFO] [stdout] error[E0433]: failed to resolve: use of undeclared type or module `Schema`
[INFO] [stdout]    --> src/lib.rs:338:13
[INFO] [stdout]     |
[INFO] [stdout] 338 |             Schema::OneOf {
[INFO] [stdout]     |             ^^^^^^ use of undeclared type or module `Schema`
[INFO] [stdout] 
[INFO] [stdout] 
[INFO] [stdout] error[E0433]: failed to resolve: use of undeclared type or module `Schema`
[INFO] [stdout]    --> src/lib.rs:389:13
[INFO] [stdout]     |
[INFO] [stdout] 389 |             Schema::Bool
[INFO] [stdout]     |             ^^^^^^ use of undeclared type or module `Schema`
[INFO] [stdout] 
[INFO] [stdout] 
[INFO] [stdout] error[E0433]: failed to resolve: use of undeclared type or module `Schema`
[INFO] [stdout]    --> src/lib.rs:390:15
[INFO] [stdout]     |
[INFO] [stdout] 390 |             | Schema::Int32
[INFO] [stdout]     |               ^^^^^^ use of undeclared type or module `Schema`
[INFO] [stdout] 
[INFO] [stdout] 
[INFO] [stdout] error[E0433]: failed to resolve: use of undeclared type or module `Schema`
[INFO] [stdout]    --> src/lib.rs:391:15
[INFO] [stdout]     |
[INFO] [stdout] 391 |             | Schema::Int64
[INFO] [stdout]     |               ^^^^^^ use of undeclared type or module `Schema`
[INFO] [stdout] 
[INFO] [stdout] 
[INFO] [stdout] error[E0433]: failed to resolve: use of undeclared type or module `Schema`
[INFO] [stdout]    --> src/lib.rs:392:15
[INFO] [stdout]     |
[INFO] [stdout] 392 |             | Schema::Float32
[INFO] [stdout]     |               ^^^^^^ use of undeclared type or module `Schema`
[INFO] [stdout] 
[INFO] [stdout] 
[INFO] [stdout] error[E0433]: failed to resolve: use of undeclared type or module `Schema`
[INFO] [stdout]    --> src/lib.rs:393:15
[INFO] [stdout]     |
[INFO] [stdout] 393 |             | Schema::Float64
[INFO] [stdout]     |               ^^^^^^ use of undeclared type or module `Schema`
[INFO] [stdout] 
[INFO] [stdout] 
[INFO] [stdout] error[E0433]: failed to resolve: use of undeclared type or module `Schema`
[INFO] [stdout]    --> src/lib.rs:394:15
[INFO] [stdout]     |
[INFO] [stdout] 394 |             | Schema::String
[INFO] [stdout]     |               ^^^^^^ use of undeclared type or module `Schema`
[INFO] [stdout] 
[INFO] [stdout] 
[INFO] [stdout] error[E0433]: failed to resolve: use of undeclared type or module `Schema`
[INFO] [stdout]    --> src/lib.rs:395:15
[INFO] [stdout]     |
[INFO] [stdout] 395 |             | Schema::Option(_)
[INFO] [stdout]     |               ^^^^^^ use of undeclared type or module `Schema`
[INFO] [stdout] 
[INFO] [stdout] 
[INFO] [stdout] error[E0433]: failed to resolve: use of undeclared type or module `Schema`
[INFO] [stdout]    --> src/lib.rs:396:15
[INFO] [stdout]     |
[INFO] [stdout] 396 |             | Schema::Vec(_)
[INFO] [stdout]     |               ^^^^^^ use of undeclared type or module `Schema`
[INFO] [stdout] 
[INFO] [stdout] 
[INFO] [stdout] error[E0433]: failed to resolve: use of undeclared type or module `Schema`
[INFO] [stdout]    --> src/lib.rs:397:15
[INFO] [stdout]     |
[INFO] [stdout] 397 |             | Schema::Map(_, _) => {}
[INFO] [stdout]     |               ^^^^^^ use of undeclared type or module `Schema`
[INFO] [stdout] 
[INFO] [stdout] 
[INFO] [stdout] error[E0412]: cannot find type `Struct` in this scope
[INFO] [stdout]   --> src/lib.rs:20:13
[INFO] [stdout]    |
[INFO] [stdout] 20 |     struc: &Struct,
[INFO] [stdout]    |             ^^^^^^ not found in this scope
[INFO] [stdout] 
[INFO] [stdout] 
[INFO] [stdout] error[E0412]: cannot find type `Name` in this scope
[INFO] [stdout]   --> src/lib.rs:21:20
[INFO] [stdout]    |
[INFO] [stdout] 18 | fn write_struct(
[INFO] [stdout]    |                - help: you might be missing a type parameter: `<Name>`
[INFO] [stdout] ...
[INFO] [stdout] 21 |     base: Option<(&Name, usize)>,
[INFO] [stdout]    |                    ^^^^ not found in this scope
[INFO] [stdout] 
[INFO] [stdout] 
[INFO] [stdout] error[E0412]: cannot find type `Schema` in this scope
[INFO] [stdout]   --> src/lib.rs:25:54
[INFO] [stdout]    |
[INFO] [stdout] 25 |         fn add_imports(writer: &mut Writer, schema: &Schema) -> std::fmt::Result {
[INFO] [stdout]    |                                                      ^^^^^^ not found in this scope
[INFO] [stdout] 
[INFO] [stdout] 
[INFO] [stdout] error[E0422]: cannot find struct, variant or union type `Struct` in this scope
[INFO] [stdout]   --> src/lib.rs:27:32
[INFO] [stdout]    |
[INFO] [stdout] 27 |                 Schema::Struct(Struct { name, .. })
[INFO] [stdout]    |                                ^^^^^^ not found in this scope
[INFO] [stdout] 
[INFO] [stdout] 
[INFO] [stdout] error[E0412]: cannot find type `Schema` in this scope
[INFO] [stdout]   --> src/lib.rs:97:59
[INFO] [stdout]    |
[INFO] [stdout] 97 |         fn assign(writer: &mut Writer, to: &str, schema: &Schema) -> std::fmt::Result {
[INFO] [stdout]    |                                                           ^^^^^^ not found in this scope
[INFO] [stdout] 
[INFO] [stdout] 
[INFO] [stdout] error[E0422]: cannot find struct, variant or union type `Struct` in this scope
[INFO] [stdout]    --> src/lib.rs:117:32
[INFO] [stdout]     |
[INFO] [stdout] 117 |                 Schema::Struct(Struct { name, .. })
[INFO] [stdout]     |                                ^^^^^^ not found in this scope
[INFO] [stdout] 
[INFO] [stdout] 
[INFO] [stdout] error[E0412]: cannot find type `Schema` in this scope
[INFO] [stdout]    --> src/lib.rs:191:61
[INFO] [stdout]     |
[INFO] [stdout] 191 |         fn write(writer: &mut Writer, value: &str, schema: &Schema) -> std::fmt::Result {
[INFO] [stdout]     |                                                             ^^^^^^ not found in this scope
[INFO] [stdout] 
[INFO] [stdout] 
[INFO] [stdout] error[E0412]: cannot find type `Schema` in this scope
[INFO] [stdout]    --> src/lib.rs:300:37
[INFO] [stdout]     |
[INFO] [stdout] 300 |     fn add_only(&mut self, schema: &Schema) {
[INFO] [stdout]     |                                     ^^^^^^ not found in this scope
[INFO] [stdout] 
[INFO] [stdout] 
[INFO] [stdout] error: aborting due to 57 previous errors
[INFO] [stdout] 
[INFO] [stdout] 
[INFO] [stdout] Some errors have detailed explanations: E0412, E0422, E0432, E0433.
[INFO] [stdout] 
[INFO] [stdout] For more information about an error, try `rustc --explain E0412`.
[INFO] [stdout] 
[INFO] [stderr] error: build failed
[INFO] running `Command { std: "docker" "inspect" "d51f748090944473014b5f030c45c5e3341b507edf2979edef905f0c3b508225", kill_on_drop: false }`
[INFO] running `Command { std: "docker" "rm" "-f" "d51f748090944473014b5f030c45c5e3341b507edf2979edef905f0c3b508225", kill_on_drop: false }`
[INFO] [stdout] d51f748090944473014b5f030c45c5e3341b507edf2979edef905f0c3b508225
